at are the prime factors of o?
2, 3, 11
Suppose s + 3*o + 24 = -2*s, 72 = -5*s + 3*o. List the prime factors of 1/s + (-2257853)/(-1356).
3, 5, 37
Let x(c) = -2*c**3 - 10*c**2 - 2*c + 42. What are the prime factors of x(-9)?
2, 3, 59
Let g = -51 + 52. Let f(w) = w**2 + 9*w - 30. Let o(b) = -b - 1. Let x(q) = g*f(q) + 3*o(q). List the prime factors of x(-16).
127
What are the prime factors of ((-768)/6)/(-8)*78380/40?
2, 3919
Let r = 19998 - 9155. List the prime factors of r.
7, 1549
Let t(z) be the third derivative of -z**6/15 - z**5/20 - 19*z**4/24 - 11*z**3/6 + 3*z**2 + 18*z. List the prime factors of t(-3).
5, 47
Suppose 8*f - 2373 = 4115. Suppose -3*q - f = -4*t - 93, 915 = 5*t + 5*q. List the prime factors of t.
181
Let k(o) = o**3 + 4*o**2 + 2*o + 3. Let i be (2/(-3))/((-10)/(-45)). Let m be k(i). Suppose -j - m*j = -518. What are the prime factors of j?
2, 37
Suppose 2*c - 78472 = 3*m, -4*m = -0*c - 2*c + 78468. List the prime factors of c.
2, 7, 2803
Let v = -98 - -105. Let h(p) = -3*p - 29. Let t(m) = 9*m + 87. Let r(x) = v*h(x) + 2*t(x). What are the prime factors of r(-19)?
2, 7
What are the prime factors of (-14)/(462/(-22539))*(-1 + 28)?
3, 683
What are the prime factors of 1624392/132 - (-2 - -6)?
2, 6151
Suppose -5*m = -5, -11*y + 10*y - 4*m = -3772. What are the prime factors of y?
2, 3, 157
Let w = -7757 + 11342. Let j be w/65 - (-6)/(-39). Suppose -j*y = -50*y - 1000. List the prime factors of y.
2, 5
Suppose 17*t + 1356 = 13*t - 2*b, -5*t = 5*b + 1700. Let i = 522 + t. What are the prime factors of i?
2, 23
Let c be (-468)/15 + 6/30. Let u = c - -38. Suppose -780 - 123 = -u*y. List the prime factors of y.
3, 43
Let o(v) be the first derivative of v**3 - 3*v**2/2 - 16*v + 55. List the prime factors of o(-10).
2, 157
Let q = -112934 + 196233. What are the prime factors of q?
83299
Let j = 999 - 364. Let c = j + -220. List the prime factors of c.
5, 83
Suppose 4*j - y = 2653, 4*y = -5*j + 2*j + 2004. Let b = -636 + j. What are the prime factors of b?
2, 7
Let y = -331 - -491. Suppose -y*h + 161*h - 215 = 0. What are the prime factors of h?
5, 43
Let l(i) = i - 16. Let o be l(19). Let t be 1/3 + (-3124)/(-33) + o. Suppose -3*s + t = -64. List the prime factors of s.
2, 3
Suppose 2*b - 80 = -2*b. Let s(a) = 12*a - 28. Let f be s(b). Suppose f = -2*y + 4*y. List the prime factors of y.
2, 53
Let z = 30735 + -18092. List the prime factors of z.
47, 269
Let i(b) = 475*b**3 + 33*b**2 - 14*b + 59. What are the prime factors of i(4)?
30931
Suppose 13*m = -13*m - 16*m + 176316. List the prime factors of m.
2, 2099
Let q(s) = -s**2 - 24*s + 9. Let h be q(-24). Let y(l) = 7*l**2 + 6*l - 16. Let w be y(h). Let u = w - 431. List the prime factors of u.
2, 3, 29
What are the prime factors of (-10)/4*(469644/(-70) + 16)?
29, 577
Let s(y) = y**2 - 10*y - 107. Let t be s(-8). Suppose t*w = 3*w + 6800. List the prime factors of w.
2, 5
Suppose -2*t - 5 = 5*s, 0 = -3*t + 5*s - 0 + 5. Suppose t*p = 30*p - 45750. List the prime factors of p.
5, 61
Suppose 3*w + 14 = 4*b + 5*w, -w = 3*b - 11. Suppose -5*f + 2*i + 413 = -1178, -b*i - 329 = -f. What are the prime factors of f?
317
Let g(f) = 5778*f - 1784. List the prime factors of g(4).
2, 31, 43
Let t = 593 + -573. Suppose -5*m - t*w = -15*w - 20, -5*w - 22 = -m. What are the prime factors of m?
7
Let s(r) = -r**3 - 25*r**2 + 10*r + 87. Let k be s(-25). List the prime factors of 60/(-12) - k/1.
2, 79
Suppose -523*a + 522*a = -3470. List the prime factors of a/5 - 7 - -3.
2, 3, 5, 23
Let n = -7943 + 29009. What are the prime factors of n?
2, 3, 3511
Let u be 65578/14*1 - 2/14. Suppose 0 = -4*g + 2*m + u, -5*g + 5*m + 2189 = -3656. What are the prime factors of g?
3, 17, 23
Suppose -6054 = -4*l + 3*w, 2*l + 23*w = 19*w + 3016. List the prime factors of l.
2, 3, 7
Suppose 4919 = 3*x - 3*g - 4243, -12204 = -4*x - 2*g. Suppose 4*f + 4*q = x, -3*q = 4*f - 793 - 2262. What are the prime factors of f?
2, 383
Let g(t) = 1668*t - 764. List the prime factors of g(6).
2, 2311
Let d(z) = 80*z**2 - 83*z - 20. What are the prime factors of d(-11)?
97, 109
Let s be 1 - (4 - -2)/1. Let i(h) = -12 - 12 - 31*h - 6 + 37. What are the prime factors of i(s)?
2, 3
Suppose -2*n = -2*b - 48768, 3*n - 17699 = 4*b + 55452. What are the prime factors of n?
5, 4877
What are the prime factors of 6/(-36) + (-3830585)/(-66) + -6?
131, 443
List the prime factors of (-702676)/(-28) - (-165)/385.
2, 3137
Let j be (-1)/1 - (7 + 1 + -31). Let q(f) = -f**3 + 23*f**2 - 15*f + 17. What are the prime factors of q(j)?
3, 19
Let a be 1 - 0 - (-5)/10*1642. What are the prime factors of 14/(56/12) + a?
3, 5, 11
What are the prime factors of (3307/2)/(7/42)?
3, 3307
Suppose -4*a + 34384 = -4*p, 143*a - 144*a - 5*p = -8614. List the prime factors of a.
8599
Suppose -3*q - 523 = -5*x + q, 3*x - 3*q = 312. Let u = -159 + x. Let i = u - -90. List the prime factors of i.
2, 19
Suppose 4*u = 2*r + 50418, -115*u + 120*u - 63021 = 4*r. List the prime factors of u.
5, 2521
Let v = 34144 - -3051. What are the prime factors of v?
5, 43, 173
Let o = -14867 + 25547. What are the prime factors of o?
2, 3, 5, 89
Let k(d) = -14*d - 26. Let w(y) = -y. Let m(p) = -k(p) - 6*w(p). Let j be m(8). Let f = -117 + j. What are the prime factors of f?
3, 23
Let g(n) = 21*n**3 - 5*n**2 + n - 4. Let w(m) = 43*m**3 - 11*m**2 + 3*m - 9. Let i(b) = 9*g(b) - 4*w(b). List the prime factors of i(2).
2, 3, 7
Let w = -446 + 458. Suppose w*a - 11158 = -1906. List the prime factors of a.
3, 257
Let x be (-4)/3*(13 - -11). Suppose 4*q + h - 25 = 0, -36 = -5*q - 4*h + 9. List the prime factors of q/((-30)/(-39))*(-2 - x).
3, 5, 13
Let z(f) = f**3 + f - 306. Let l be z(0). Let x = l - -670. Suppose -2*i + x - 16 = 0. List the prime factors of i.
2, 3, 29
Let o(a) = a**3 - 58*a**2 - 188*a - 149. What are the prime factors of o(66)?
22291
Let l(m) = 136*m**3 + 6*m**2 - 6*m + 21. What are the prime factors of l(4)?
19, 463
Suppose -17*f + 59997 = 5*o - 13*f, -4*o = 3*f - 47998. List the prime factors of o.
11, 1091
Let v(y) = 240*y**2 + 3*y - 7. Let t be 5 + -4 + 0 + (-3 - -4). What are the prime factors of v(t)?
7, 137
Suppose -4 + 1 = -3*x. Let a be 1*(3 + -4)*(x - 1). Suppose 3*p - 2*p - 27 = a. What are the prime factors of p?
3
Suppose -68 = 5*i + 4*r, 0 = -3*i + 5*i + 3*r + 23. What are the prime factors of (-15)/120 + (-3778)/i?
2, 59
Let g = 23 + -18. Suppose 3*q + 5*u - 1105 = 0, g*q - 1847 = 2*u - 5*u. What are the prime factors of q?
2, 5, 37
List the prime factors of (86/430)/((-757884)/(-378940) + -2).
18947
Let l(s) = -5*s**3 - 4*s**2 + 8*s + 27. Let j(q) = 3*q + 19. Let d be j(-8). What are the prime factors of l(d)?
2
Let q(k) = -1810*k**2 - 17*k - 18. Let j be q(-1). Let a = -1180 - j. What are the prime factors of a?
631
Let h = 12635 + -5798. What are the prime factors of h?
3, 43, 53
Suppose 3*a - 2*t - 2050 = 0, 50*a + 5*t = 52*a - 1363. What are the prime factors of a?
2, 3, 19
Let m be ((2 - 12/9)*24)/2. Suppose 5*r + m = 7*r. Suppose -r*w + 723 = -w. What are the prime factors of w?
241
Suppose 0 = -3*m + 5*r + 4, 3*m - m - r - 5 = 0. Suppose -2*k - 4*u = -279 + 87, 0 = -m*u + 12. Let i = -36 + k. What are the prime factors of i?
2, 13
Let r(y) = y**3 + 11*y**2 + 12*y - 10. Let f be (-7)/14 + 0 + (-58)/(-4). Let b(q) = -4*q + 47. Let u be b(f). List the prime factors of r(u).
2, 11
Let f(n) = -11 + 5*n**2 - 27 + 3*n - 14. Let o(v) = 11*v - 106. Let r be o(9). What are the prime factors of f(r)?
2, 43
Let h(k) = k**3 + 55*k**2 + 22*k + 96. List the prime factors of h(-43).
2, 47, 227
Let p = -8179 + 19514. List the prime factors of p.
5, 2267
Suppose 0 = 2*l + 3*t - 5031, -3*t + 1965 = l - 546. What are the prime factors of l?
2, 3, 5, 7
Let y(m) = 3*m - 5. Let v be 14/105 - 94/30. Let c be y(v). Let i = 20 + c. What are the prime factors of i?
2, 3
Suppose -d = -k - 2, 0 = -2*d + 7 - 3. Suppose p - 144 = -3*u, k = 3*p + 5*u - 3*u - 467. Let r = -71 + p. List the prime factors of r.
2, 11
Let r = 371 - -1935. List the prime factors of r.
2, 1153
Let q be (-6)/2*(1 - 16). Let m be 638/(-33) + 19 + 44/6. Suppose m*w - 4*w - q = 0. List the prime factors of w.
3, 5
List the prime factors of 11 + (5 - 11) + 15529.
2, 3, 863
What are the prime factors of 34756 + (4